 1).
9
(3 - (-1 - (19 - 13))) + (111 - (4 + 10))
107
What is the value of -2 - -4 - (-27 + 79 + -35)?
-15
Calculate 68 - (33 - (36 - 28) - 21).
64
What is the value of 82 + (-30 - 0) + (-1596 - -1606)?
62
Evaluate -101 + -56 + (66 - -17).
-74
-67 + 13 + -9 + (29 - 43)
-77
What is -12 + (-14 - (2 - 9 - (5 - 4)))?
-18
What is the value of (-126 - 5 - -28) + 47 + -18?
-74
Calculate -35 + -7 + (22 - (4 - -5)).
-29
What is the value of 36 + 3 + 120 + -160 + 92?
91
Calculate 68 - 98 - (-67 + 4 + -4).
37
Evaluate (-52 + 34 + (-38 - -23) - 60) + (1 - -8).
-84
Calculate 88 + -38 + -85 + 89.
54
Evaluate -1 + 11 + -82 + (-198 - -316).
46
Calculate (5 - -76) + -84 - 62.
-65
Evaluate (-12 - (-10 + -14 - (18 + -12))) + 66.
84
What is the value of -10 + 0 + (41 + 23 + -11 - 10)?
33
Calculate 30 + (-58 - -6) - -63 - -1.
42
Calculate -3 - 3 - (-167 + 145 - (-29 - 1)).
-14
What is the value of (-22 - (32 + -44)) + 39 - (-17 + 1)?
45
What is the value of -20 - 1 - ((32 - 21) + (14 - (40 - 16)))?
-22
What is (6 - 6) + 1157 + -1239?
-82
Evaluate -7 + (-2 - -22) + (1208 - 1154) + (1 - -1).
69
Evaluate (-2 - -6) + -14 + (-1 - 12 - 13).
-36
Calculate 142 + -229 + (4 - (9 - 6)) + 20.
-66
What is 964 + -960 + (2 - 0) + 21?
27
What is the value of (11 - 6) + (2 - -14 - (-68 - -39))?
50
Evaluate -11 + 0 + 1 - (-7949 - -7966).
-27
Calculate -1 + (-17 - -16) + (-3 - -1) + (-5 - 51).
-60
20 + 20 + -46 - (-3 - (3 - 3 - -7))
4
Evaluate -199 + 194 + (-6 - (6 + (0 - 0))).
-17
Calculate 54 - (8 + 2 - (12 - (25 + -11))).
42
Evaluate 11 - (15 + (-15 - -10 - (4 + -6))).
-1
What is (-3 - 10) + -8 + 21 - (1 - -8)?
-9
Evaluate -99 + 17 + (-4 - 6) + (6 - 20).
-106
-6 + (58 - 67) + (22 - -2) + -44
-35
Evaluate -1 + 52 - (-5690 + 5703).
38
What is the value of -2 + 124 - 146 - 79?
-103
Evaluate 12 + (-80 - (-3 - 1 - (0 + -17 + 16))).
-65
-40 + 16 - -10 - -33 - 7 - -38
50
Calculate (-5 - -8 - (21 - 10)) + 6 - 1.
-3
Evaluate (11 - -28) + (-8 - -5) + 13 + -15.
34
-209 + 214 - (68 + -2 - (10 - (8 + -3)))
-56
What is -2 + -7 + 0 + (78 - (-36 - 7 - 2))?
114
What is the value of (10055 - 10061) + 1 + -1 + 1 + -17?
-22
Calculate ((-4 - (-3 + 10 + -11)) + -1 - 46) + -3.
-50
Calculate 15 - ((8 - (-9 - 55)) + (-15 - -2)).
-44
Calculate 60 - (1 + (2 - 2) + 5 + -1 + -15).
70
40 + -1 + (6 - (25 + (-41 - 9) + 21))
49
Calculate -5 - (1 + 29 - (-25 + (-14 - (12 + -45)))).
-41
What is (120 - (137 + -68)) + -50?
1
(4 - 23 - -28) + (-3 - 50)
-44
Calculate (44 - (58 - -6)) + 23.
3
Evaluate -1 + 133 + 13 + 9 + (38 - 65).
127
-70 - (1 + -19) - (-3 - (-16 - -4))
-61
-468 - -380 - (-3 - (-4 + 4))
-85
What is the value of (-119 - -31) + 136 + -35?
13
-1 + 90 + -100 - ((2 - 4) + 49)
-58
What is the value of 102 - (-125 + (121 - 35))?
141
What is (5 - (5 - 19)) + (207 - 198) - 4?
24
Calculate -22 + (-32 + 24 - -15 - -5).
-10
What is 35 + (0 - (1 - (-2 + (10 + -4 - -3))))?
41
What is -16 + 4 + -6 + (38 - 17) - 40?
-37
Calculate -4 - (14 + (-34 - -12) - (60 + -3)).
61
What is the value of -34 + -32 + 43 + -31?
-54
What is the value of 32 + (2 - (21 - -5)) - (-2 - -43)?
-33
Evaluate -3 - (644 + -631 + -62 + -1).
47
(-32 - -4) + 23 + -10 + 11
-4
-3 - 1 - (14 - -133 - 89)
-62
What is (34 - (-15 + 21 - -8)) + -69?
-49
-39 + 26 + (0 - 5 - -121 - -8 - -9)
120
Calculate (-18 - (49 - 80)) + 4 - (-2 - 18).
37
What is (22 - (64 - (-16 + 14))) + -5?
-49
Evaluate (1 - (-38 - 0)) + 47 + -50 + 6.
42
What is the value of 0 - 4 - (-5 - 0) - (22 - 5 - -38)?
-54
What is -14 + (13 + -12 - -5 - -4 - 9)?
-13
25 - 0 - (-126 - (-61 + -32))
58
-11 - (68 + (-4 - ((3 - -11) + -4 + -28)))
-93
Evaluate -189 + 118 + 80 + (0 + (-1 - -2) - 47).
-37
What is the value of (18 - (29 - 8) - -11) + -37?
-29
Calculate -307 - -146 - -118 - -11.
-32
Calculate (-46 - 5) + (-27 - (-36 - 3)).
-39
Evaluate (162 - (72 + 163)) + -27.
-100
-35 - (5 - (7 + -83 + -20))
-136
What is the value of 10 - (13 - ((12 + -5 - -31) + 2))?
37
-1 - -4 - -22 - (-20 + 26 + -7)
26
What is the value of -4 + -3 + 43 + 1 + -3 + (-200 - -204)?
38
What is the value of 55 - ((2 - 1) + (-203 - -224) - 36)?
69
Calculate 3 - 2 - (-11 + 16 + -5 + (0 - 15)).
16
17 - -17 - (89 + -30)
-25
Calculate 0 + -13 + 85 + 20 + -12 + 3 + 10.
93
Evaluate (-1 - 5) + -8 + 20 + 7 + 50.
63
Evaluate 12 + (-72 - (58 - 51)).
-67
What is the value of 4 + (-38 - (56 - 47))?
-43
Calculate 26 + 12 + -4 + (21 - 11) + (0 - 0).
44
What is the value of -1 + (0 - 3 - -4) + 1471 + -1471?
0
Evaluate 14 - (112 - 111 - -68).
-55
(-210 + 285 - 93) + (1 - (-9 + 1))
-9
What is the value of -899 + 859 - ((-9 - -2) + 5)?
-38
Calculate (19 - (-23 - -26)) + -5 + -105 - (-1 + 11).
-104
What is 81 - ((-29 - -87) + (-39 - -8))?
54
Calculate (7 - 22) + 42 - 34.
-7
What is the value of (52 - 91) + (-5 + -1 - (-13 + 25 + -22))?
-35
Evaluate -17 - (48 - (4 - (-47 + 26))).
-40
What is (69 - 62) + 58 + (-9 - -5)?
61
Calculate -30 + (-2 - -10 - (28 + -42)).
-8
What is -13 - (27 + -4 - 48) - (0 - -24)?
-12
What is 6 + 6 - 6 - (62 - 7 - (6 - 0))?
-43
Calculate (57 + 18 + -64 - (6 + 1)) + -76.
-72
What is the value of -40 + (4 - (4 - ((4 - (2 - -7)) + 3)))?
-42
Calculate 41 + -76 + 33 + 52.
50
What is -51 - ((-61 - -24) + 53)?
-67
Calculate (33 - 97) + (6 - (9 + 4 + -2 - 7)).
-62
Evaluate (18 - 5 - -1) + -7 + (-2 - 48).
-43
Evaluate (14 - -44) + -26 + -67.
-35
What is the value of -41 - ((109 - 70) + -96)?
16
Evaluate 15 + (55 - 140 - -47).
-23
What is 3 + (-133 - (-6 + 3)) - (-107 - (38 + -137))?
-119
-24 - (64 + -89 + -2 + 35)
-32
-53 - -53 - (17 - (8 + -2 + -5))
-16
What is -30 + 31 - (3 + 0 - (-30 + -91))?
-123
-50 + -28 - -27 - -26
-25
Calculate -6 + (-32 - -26) - -8.
-4
What is (-179 - -205) + 1 + -16 + -27 - 7?
-23
Evaluate -31 + 33 - (17 + -4 - (-109 + 14)).
-106
-10 - -49 - (-11 - (10 - 13)) - (-6 + -3)
56
What is the value of 1296 + -1286 - ((-41 - (1 + -1)) + 0) - 7?
44
Calculate -73 + 31 + 44 + (2 - (-3 - -72)).
-65
Calculate 34 + 16 + -22 + -11 + -33.
-16
Calculate -9 - (1 + -2 + (-6 + 1 - 9)).
6
(-3 - 14) + 1 + 10 - 1 - -107
100
Calculate (26 + -3 - 3) + -304 + 41 + 360.
117
1231 - 1211 - (-1 - 2) - 93
-70
What is -118 - -4 - (-15 + (27 + -19 - 17 - -35))?
-125
Calculate 6 + 1 + (-885 - -846) + (0 - 0).
-32
-12 + 104 + -148 + 6
-50
What is the value of -10 + 4 - 3 - ((-8 - 0) + 0 - -23)?
-24
30 + 22 + (39 - 94) - -106
103
1 - 8 - (58 + -40 + (-10 - 1))
-14
Calculate 2 + -23 + (267 - 225) - -12.
33
What is the value of 8 - ((114 - (104 + -128)) + (0 - 15) + 2)?
-117
Calculate (28 - (-21 - -19 - -7)) + -28.
-5
What is (11 - 50) + -7 + -20 + 25?
-41
Calculate 41 - (36 + (-3 - -22)).
-14
What is 23 + (48 - 31) + (3 - 14)?
29
What is the value of (1 + -5 - (34 + (-14 - 8))) + -7?
-23
What is the value of (-108 - (58 - 174)) + -68?
-60
What is (1 - 44) + ((1 - 11 - -13) + -9 - -14)?
-35
What is -6 + (-21 + 31 - (-3 + 3 + 5))?
-1
What is the value of 3 + -1 - 3 - ((92 - (-34 + 58)) + -21)?
-48
Calculate (64 - 97) + (8 - 0) - -94.
69
Evaluate 95 + (-160 - -27) + 16.
-22
21 - -2 - 37 - (0 + 7 - -9)
-30
Calculate (61 - (4 - (12 + -9))) + -47 + 33.
46
Calculate 44 + 9 + (-4 - (15 + -6) - -5).
45
What is the value of -9 - (-14 - -1 - (21 + -28)) - (4 - -4)?
-11
What is 164 + -333 + (-15 - -81)?
-103
What is 26 - (96 - 49) - -38?
17
What is the value of -21 + -4 + -4 + (57 - 56 - (-6 + 0))?
-22
What is -43 - (-23 - -6 - (46 + -41))?
-21
What is the value of (-9 - -1) + (-1 - -9 - (-96 + 94) - 69)?
-67
What is (4 + -8 - 1) + 9 + (0 - -51)?
55
What is the value of (-14 - -19) + 2 + 0 + -6 + (-66 - -68)?
3
Evaluate (-34 - (-9 - -17 - 3)) + (-7 - -13 - 7).
-40
40 - (-8 - -18) - 40
-10
Evaluate -6 + -39 + (-733 - -809).
31
Calculate -71 - (-4 + 9) - -31 - 4.
-49
Calculate 41 + -61 - (60 + (2 - 19)).
-63
What is -33 - (-9 + 0) - (-8 + 0)?
-16
2 + 19 + (1989 - 2022)
-12
Calculate 67 + 6 - (870 - 787).
-10
What is the value of (-141 - 6) + 190 - (-1 + -100)?
144
Calculate 27 + (48 - 113) + -55.
-93
Calculate -19 + (12 - 10 - 17) + 3 - 24.
-55
Calculate 51 - (45 + (15 - -37)) - (2 - 2 - -1).
-47
What is the value of -94 + (-17 + -8 - (-3 + -12)) + 0 + 4?
-100
Evaluate 0 - (18 + -43) - -3.
28
Calculate (-40 - -61 - 79) + 27.
-31
Calculate 33 - (-23 + 55 + -2).
3
-66 + -9 + 41 + (-1 - -4)
-31
13 - (-74 + 128) - (-11 - (0 + -2))
-32
Calculate (6 - 